sands digit of n?
2
Let x be 247/57 + (-2)/6. Suppose 11937 = x*d + 19*d. What is the hundreds digit of d?
5
Let w = 714 + 289. Suppose 10*m - 2537 - w = 0. What is the hundreds digit of m?
3
Suppose 186034 = -128*p + 132*p + 10*g, 5*p - 3*g = 232527. What is the hundreds digit of p?
5
Let f(k) = k**2 - 10*k + 5. Let c be f(10). Suppose 352 = -c*s - 128. Let y = 100 + s. What is the units digit of y?
4
Let x(o) = -37*o**3 + 3*o**2 - 20*o - 42. Let r be 10 + -6 - (-10 + 16). What is the tens digit of x(r)?
0
Suppose 10*l = 7*l + g + 80222, 5*g - 53504 = -2*l. What is the thousands digit of l?
6
Suppose q + 3*i + 5 = 0, 3*q + 3*i + i = -40. Let w = 8 + q. What is the units digit of (19 + w)/(2/(-16)*-2)?
8
Suppose -5*s = -2*p + 1, 0 = 7*p - 2*p + s - 43. Let b be (48/16)/(6/p). Suppose -74 = -3*q + 2*q + i, 0 = b*i - 8. What is the units digit of q?
6
Let v(q) = -6*q**2 + 11*q - 1. Let w be v(3). Let d be (-23)/(2/4 + 13/w). Suppose -d + 49 = -2*s. What is the tens digit of s?
0
Suppose 128 = -8*o + 12*o. Let k = o + -27. Suppose -5*h = -h + k*t - 25, -3*h - t + 27 = 0. What is the tens digit of h?
1
Suppose 13*m - 999 = -z + 15*m, -4*m - 3992 = -4*z. What is the hundreds digit of z?
9
Let j(h) = 7*h + 320. Let m be (0*7/(-42))/7. What is the tens digit of j(m)?
2
Let u(f) = -4*f**2 + f - 44. Let g(s) = -s**2 - 15. Let z(a) = 7*g(a) - 2*u(a). Let w be z(-7). Suppose -11*q = -w - 680. What is the units digit of q?
6
Let m = -5912 + 9796. What is the thousands digit of m?
3
Let h = -62 - -82. Let y(o) = 29*o - 96. What is the tens digit of y(h)?
8
Let x = 113446 - 64584. What is the hundreds digit of x?
8
Suppose -3*a = -5*y + 83, -5*a + 2*y = -2 + 134. Suppose -4 + 6 = i. What is the units digit of (-13)/a + 1/i?
1
Suppose -l + 2 + 1 = 0. Suppose -4*q - 1 = -l*q. What is the tens digit of 11/33*(247 + q)?
8
Suppose 0 = 3*s + 7 - 166. Let u = -20 + s. Let i = -28 + u. What is the units digit of i?
5
Suppose 5*q = 24097 + 3633. What is the thousands digit of q?
5
Let o = 104 + 46. Suppose -138 = -4*z - o. What is the tens digit of ((-4)/3)/(z/225)?
0
Let n(m) = 3*m**2 - m + 2. Let s be n(0). What is the hundreds digit of (-104)/78*(-441)/s?
2
Let w = -87610 + 140532. What is the thousands digit of w?
2
Suppose 421*p = 425*p + 1292. What is the hundreds digit of (-1 - p) + -23 + 25?
3
Let m(k) = k**3 + 5*k - 15. Let x(n) = -2*n**3 - 9*n + 31. Let i(w) = -5*m(w) - 3*x(w). What is the hundreds digit of i(5)?
1
Let s be (8/(-2))/((-16)/1368). Suppose 3*p = 3*m - s, 2*m - p + 75 - 305 = 0. What is the tens digit of m?
1
Let v(t) be the first derivative of -2*t**3/3 + 2*t**2 + 3*t + 5. Let d be v(3). What is the hundreds digit of d - (209/(-2) + (-3)/6)?
1
Let d be (1530/40)/(1/(-4)). Let g = d - -137. What is the tens digit of g/(-12) - 92/(-3)?
3
Let h(s) = s**2 - 36*s + 246. Let j be h(9). Suppose -5*u = -3*f - 6757, -j*u + 4059 = 2*f - 5*f. What is the hundreds digit of u?
3
Let t(z) = 2606*z - 428. What is the hundreds digit of t(4)?
9
Let b = 3974 + 13445. What is the thousands digit of b?
7
Let d(q) = 8*q**3 - 32*q**2 + 204*q - 49. What is the hundreds digit of d(17)?
4
Suppose 0 = -26*r + 22*r + 27*r - 311305. What is the ten thousands digit of r?
1
Let i(k) = 2*k**2 + 21*k - 11. Let d be i(-11). Suppose d = -6*h + 1279 - 241. What is the units digit of h?
3
Let a be (-136)/(-12) + (-6)/(-9). Let t(m) = 25*m - 96. What is the hundreds digit of t(a)?
2
Suppose 0 = 67*t - 633039 - 86183 - 574749. What is the units digit of t?
3
Let n = -72 + 95. Suppose -4*u - 8 = g, 2*g + 3*g - n = u. Suppose 68 + 128 = g*q. What is the units digit of q?
9
Suppose 0 = i + y - 4, -i + 5*y - 6 = y. Suppose 5*h = h - 8, a - i*h - 545 = 0. What is the hundreds digit of a?
5
Let u(b) be the third derivative of b**5/6 - 7*b**4/24 + 43*b**3/6 - 25*b**2. What is the units digit of u(5)?
8
Let u = 14748 + -5876. What is the tens digit of u?
7
Let r = -19562 + 35843. What is the thousands digit of r?
6
Let l = 37804 - 31207. What is the thousands digit of l?
6
Let q(r) = r**2 - 14*r - 16. Let a be q(15). Let y be (-3 + 3)/(-4) + 1 + a. Suppose -2*m = -3*k - 131, y*m - 3*k = 5*m - 338. What is the units digit of m?
7
Suppose -769707 - 174886 - 135839 = -36*u. What is the units digit of u?
2
Suppose 0*t + 531352 = 12*t + 22*t. What is the thousands digit of t?
5
Suppose -3*c + l + 74338 = 0, -3*c = -4*l - 15767 - 58574. What is the tens digit of c?
7
Let l(o) = -556*o**3 - 2*o**2 - 13*o - 21. What is the hundreds digit of l(-3)?
0
What is the thousands digit of ((-20)/(-5) + -6274 - -1)/(-1)?
6
Let u be 2/(5 - (6 - 2)). Let t be (u/(-8))/(22/(-264)). Suppose -4*p = l - 189, 245 = -0*p + 5*p + t*l. What is the units digit of p?
6
Let k(r) = -8*r + 157. Let m(p) = -22*p + 473. Let h(v) = -17*k(v) + 6*m(v). What is the units digit of h(-14)?
3
Let c(i) be the second derivative of -i**5/20 + 3*i**4/4 - 3*i**3/2 + 4*i**2 - i. Let l be c(8). Suppose 2*k - 366 = -l*k. What is the tens digit of k?
8
Suppose 35495 + 41586 = 58*a - 106315. What is the thousands digit of a?
3
What is the thousands digit of (2 - 1737)*32*(2 + (-72)/30)?
2
Suppose f - 2*f + 393 = q, -5*q = -5*f + 1935. Suppose 4*i + 4*g = 1560, -11*g + 6*g = -i + f. What is the tens digit of i?
9
Suppose -7*y + 37*y = 343350. What is the tens digit of y?
4
Let l(h) = 88*h**2 + 5*h - 6. Let w be ((-6)/4 + 1)/(6/(-48)). What is the tens digit of l(w)?
2
What is the ten thousands digit of (-2)/(-11*16/1189144)?
1
Let b(c) = 11 - 66 + 6 + 16*c + 1. Suppose -6*v = -2*v - 68. What is the tens digit of b(v)?
2
Suppose -3*d + 24 = 0, -3*t + 169231 = -2*d + 31340. What is the tens digit of t?
6
Suppose -48*x + 67*x = 1748. Suppose -90*a = -x*a + 1026. What is the hundreds digit of a?
5
Suppose -16*g - 22 + 70 = 0. Suppose 4*h + 9 - 5 = -3*j, 2*j - g*h = -14. Let d(w) = -12*w + 14. What is the tens digit of d(j)?
6
Suppose 0 = -h + 3*j + 619, -4*j + j - 3 = 0. Let t = h - 279. What is the tens digit of t?
3
Let n be 591/12 - 6/(-8). Let l = n + -48. Suppose -y = l*y - 3*w - 216, y = -3*w + 52. What is the units digit of y?
7
Let m be 10/(-4) - 4/8*-15. What is the units digit of -3 + -2 + (8 - m) - -1362?
0
Suppose 4*w = 5*g - 266, 1 + 0 = w. Suppose 0 = -18*x + 12*x + g. Suppose -409 = -4*n - x. What is the tens digit of n?
0
Suppose -5842 = 277*i - 278*i + 4*s, 0 = 2*i + 3*s - 11684. What is the units digit of i?
2
Suppose -24*b + 56397 - 996897 = -156*b. What is the thousands digit of b?
7
Suppose -5*s + k = 290 - 735, s + 4*k - 110 = 0. Let y = 103 - s. What is the units digit of 2 + (-3 - -1) + 78 + y?
1
Suppose a - 130 + 467 = 0. Let w = a - -673. Suppose -31*j + 28*j + w = 0. What is the units digit of j?
2
Let u(r) be the third derivative of r**4/4 + r**3 + 4*r**2. Let d(h) = -5*h - 6. Let w(i) = -3*d(i) - 2*u(i). What is the units digit of w(0)?
6
Let g(f) = -f**3 + 21*f**2 - 40*f + 80. Let d be g(21). Let r = 1877 + d. What is the hundreds digit of r?
1
Let p be (3 + -2)*-3 + 6. Suppose 0 = -5*d - p*b + 18, -5*d + b + 12 = -2*b. Suppose d*r = 11*r - 8. What is the units digit of r?
1
Suppose -3*q - 476 = -q. Let j(r) = 2*r**2 - 55*r + 429. Let d be j(27). Let z = d + q. What is the tens digit of z?
6
Suppose -12 = -4*k, 2*b + 3*k - 1 = 10. Let d be b - ((-12)/(-8))/((-6)/(-56)). Let y = d - -45. What is the tens digit of y?
3
Suppose -1488290 = -193*u - 202244 + 5708853. What is the thousands digit of u?
6
Let c be 5/((-95)/(-686)) - 60/570. Let l = c + 1816. What is the thousands digit of l?
1
What is the units digit of 18300/9*(-8904)/(-1060)?
0
Suppose -19*p = -76*p - 137309 + 957539. What is the ten thousands digit of p?
1
Let o(k) = 145*k**2 - 87*k + 173. Let x(u) = 36*u**2 - 22*u + 43. Let b(r) = -2*o(r) + 9*x(r). What is the thousands digit of b(6)?
1
Suppose 4*o - 67 - 13 = 0. Suppose 6*t - o = 2*t. Suppose -2*j - t*v = -339, 73 + 423 = 3*j - 5*v. What is the tens digit of j?
6
Let g be 3/6 - (-1062)/4. Let d = 293 + 86. Suppose 3*i - i - g = -2*r, -i - d = -3*r. What is the hundreds digit of r?
1
Let u(c) = -23*c**3 + 28*c**2 + 191*c + 39. What is the hundreds digit of u(-8)?
0
Suppose 340 = 8*r - 6*r. Let l = -163 - -473. Let y = l - r. What is the units digit of y?
0
Suppose -5*a - 5*m + 1 = -24, -a = -3*m